{"id":2281,"date":"2023-11-26T05:09:44","date_gmt":"2023-11-26T02:09:44","guid":{"rendered":"https:\/\/dopingmedya.tv\/?page_id=2281"},"modified":"2023-11-26T05:09:45","modified_gmt":"2023-11-26T02:09:45","slug":"pazarlama-iletisimi","status":"publish","type":"page","link":"https:\/\/dopingmedya.tv\/index.php\/pazarlama-iletisimi\/","title":{"rendered":"Pazarlama \u0130leti\u015fimi"},"content":{"rendered":"\n<p>Bir markan\u0131n sahip oldu\u011fu \u00fcr\u00fcn veya hizmetlerinin t\u00fcketici zihninde albeni yaratacak bi\u00e7imde sunulmas\u0131 anlam\u0131nda yap\u0131lan ileti\u015fim \u00e7al\u0131\u015fmalar\u0131 b\u00fct\u00fcn\u00fcne pazarlama ileti\u015fimi diyebiliriz. Bu anlamda her marka hedef kitlesi ile aras\u0131nda olan ba\u011f\u0131 kuvvetlendirmek ad\u0131na pazarlama ileti\u015fimi maksimizasyonu yaratmal\u0131d\u0131r.<\/p>\n\n\n\n<p>Pazarlama ileti\u015fimi gerek online gerekse geleneksel medya kanallar\u0131nda olsun, her markan\u0131n titizlikle \u00fczerinde durmas\u0131 gereken stratejik bir hamledir. Markalar hedef kitleleri g\u00f6z\u00fcnde arzu ettikleri yere gelebilmek ve s\u00fcrd\u00fcr\u00fclebilir, kal\u0131c\u0131 bir marka alg\u0131s\u0131 olu\u015fturabilmek i\u00e7in pazarlama ileti\u015fimi faaliyetlerini \u00f6nemsemeleri gerekmektedir.<\/p>\n\n\n\n<p>Pazarlama ileti\u015fimi<a>,<\/a>&nbsp;tam anlam\u0131 ile stratejik bir planlama ile yap\u0131lmas\u0131 gereken faaliyetler b\u00fct\u00fcn\u00fcd\u00fcr. Bu alanda uzmanla\u015fm\u0131\u015f, profesyonel kadrolar taraf\u0131ndan analiz ve aksiyon geli\u015ftirme \u00e7al\u0131\u015fmalar\u0131 kapsam\u0131nda yap\u0131lmas\u0131 gerekmektedir. Markan\u0131n hedef kitlesi veya kullan\u0131c\u0131s\u0131 taraf\u0131ndan, hangi alg\u0131y\u0131 yaratmas\u0131 gerekti\u011fini, son derece profesyonel dokunu\u015flar ile sunman\u0131n bir di\u011fer ad\u0131d\u0131r asl\u0131nda, pazarlama ileti\u015fimi.<\/p>\n","protected":false},"excerpt":{"rendered":"<p>Bir markan\u0131n sahip oldu\u011fu \u00fcr\u00fcn veya hizmetlerinin t\u00fcketici zihninde albeni yaratacak bi\u00e7imde sunulmas\u0131 anlam\u0131nda yap\u0131lan ileti\u015fim \u00e7al\u0131\u015fmalar\u0131 b\u00fct\u00fcn\u00fcne pazarlama ileti\u015fimi diyebiliriz. Bu anlamda her marka hedef<span class=\"excerpt-hellip\"> [\u2026]<\/span><\/p>\n","protected":false},"author":1,"featured_media":0,"parent":0,"menu_order":0,"comment_status":"closed","ping_status":"closed","template":"","meta":{"footnotes":""},"class_list":["post-2281","page","type-page","status-publish","hentry"],"_links":{"self":[{"href":"https:\/\/dopingmedya.tv\/index.php\/wp-json\/wp\/v2\/pages\/2281","targetHints":{"allow":["GET"]}}],"collection":[{"href":"https:\/\/dopingmedya.tv\/index.php\/wp-json\/wp\/v2\/pages"}],"about":[{"href":"https:\/\/dopingmedya.tv\/index.php\/wp-json\/wp\/v2\/types\/page"}],"author":[{"embeddable":true,"href":"https:\/\/dopingmedya.tv\/index.php\/wp-json\/wp\/v2\/users\/1"}],"replies":[{"embeddable":true,"href":"https:\/\/dopingmedya.tv\/index.php\/wp-json\/wp\/v2\/comments?post=2281"}],"version-history":[{"count":1,"href":"https:\/\/dopingmedya.tv\/index.php\/wp-json\/wp\/v2\/pages\/2281\/revisions"}],"predecessor-version":[{"id":2282,"href":"https:\/\/dopingmedya.tv\/index.php\/wp-json\/wp\/v2\/pages\/2281\/revisions\/2282"}],"wp:attachment":[{"href":"https:\/\/dopingmedya.tv\/index.php\/wp-json\/wp\/v2\/media?parent=2281"}],"curies":[{"name":"wp","href":"https:\/\/api.w.org\/{rel}","templated":true}]}}